3 + k**2 + 0*k**2. What is s(b)?
-6
Suppose 0 = 4*o - 5*y + 40, 0 = o - 4*y + 5*y + 1. Let r(v) = 3*v + 7. Give r(o).
-8
Let c(j) be the third derivative of -j**6/120 + 7*j**5/60 - 7*j**4/24 - j**3/3 + j**2. Suppose 6*r = 2*r + 2*g + 22, 2*r - 5*g - 7 = 0. Determine c(r).
-8
Let c(u) = -u**2 + 4*u + 4. Let s(i) = 2*i**2 - 3*i - 5. Let j(p) = 3*c(p) + 2*s(p). Calculate j(-5).
-3
Let f(h) = h - 5. Let p = -4 + 6. Let i be (0 - 1) + (15 - p). Let b be 1*i*2/4. Determine f(b).
1
Suppose -2*m + 19 = 3*w + 3, 2*w - 11 = -m. Let a(u) = 0*u + 5 + u - w. Let v(k) = -k**2 + 3*k - 3. Let l be v(2). Give a(l).
-2
Let j(i) = i**3 - 2*i - 1. Let u(q) = -3*q**3 + 2*q - 1. Let r be u(1). Give j(r).
-5
Let p(o) be the second derivative of -1/2*o**3 - 3*o + 0 + o**2. Calculate p(2).
-4
Let z be (-1 - 0)*(-18)/(-3). Let x(y) be the first derivative of y**3/6 + 7*y**2/2 - y + 2. Let d(i) be the first derivative of x(i). Calculate d(z).
1
Let d(t) = 4*t**3 + 6*t**2 + 5*t + 5. Let q(w) = 2*w**3 + 3*w**2 + 2*w + 2. Let b(u) = -2*d(u) + 5*q(u). What is b(-2)?
-4
Let h(v) = -v**3 - v**2 + v - 1. Let n(y) = -2*y + 3*y + 11 + 0*y. Let q be n(-10). What is h(q)?
-2
Let c(l) be the third derivative of l**4/8 - 2*l**3/3 - 42*l**2. Determine c(6).
14
Let y(x) = 3*x**3 + x**2 - 1. Suppose u = -2*n, -u + 5*u = -4*n - 4. Calculate y(n).
3
Let i(g) = 3*g - 5. Let p(m) be the first derivative of -6*m**2 + 20*m + 5. Let r(c) = 9*i(c) + 2*p(c). What is r(4)?
7
Let d be ((-6)/(-9))/((-1)/9). Let y(j) = -j - 9. Let r be y(-11). Let q(l) = 4*l**2 + 2*l**r + 4 - 35*l**3 + 36*l**3 + l. Determine q(d).
-2
Let c(i) be the first derivative of i**2/2 + 16. Calculate c(-4).
-4
Let t(k) = -k**3 - 7*k**2 - 5*k + 2. Suppose 5*i - 5*r + 32 = -18, -14 = 5*i + 4*r. Calculate t(i).
-4
Let d(b) = -1 + 4*b + 1 + 2*b. Let z(x) = -x**2 + 3*x + 3. Let w be z(4). Calculate d(w).
-6
Let o(u) = u**3 - 4*u**2. Let q be (112/42)/(2/3). Determine o(q).
0
Let s(f) = f - 14 + 17 + 2*f. Calculate s(-2).
-3
Let c(u) = -3*u + 6. Suppose -3*l + 15 = 2*l. Suppose 0 = -4*v + l*p + p - 20, -p = -3*v - 7. Let s = 5 + v. Give c(s).
-6
Suppose -3*x + 30 = 3*g, 3*g - 8 = -2. Let d(s) = -s - 3 - x + 0*s. Give d(0).
-11
Let x = 11 + -10. Let b(m) be the first derivative of 0*m + 1/2*m**2 - x. Calculate b(2).
2
Let l(f) = 8*f**2 - 9. Let o(d) = -4*d**2 + 4. Let g(w) = -3*l(w) - 7*o(w). Calculate g(1).
3
Let b(c) = -c**3 + 4*c**2 + 2. Let w be b(4). Let r(y) = 0 - w*y - 3 - 2*y + 3*y. Determine r(-4).
1
Let b(c) be the first derivative of c**2/2 + 9*c - 1. Determine b(-4).
5
Let k(u) = -u**2 - 2*u + 2. Let i(h) = 1. Let q(g) = -2*g**2 - 3*g + 7. Let t(p) = 3*i(p) - q(p). Let n(r) = 7*k(r) + 3*t(r). Determine n(-3).
8
Suppose -3*n - 2 + 8 = 0. Suppose 0 = 3*u + n*u + 15. Let d(b) = -b + 1. Let f be d(u). Let g(i) = -i**2 + 3*i - 3. Give g(f).
-7
Let l(q) = -q**2 - 8*q - 10. Let v be l(-5). Let p(j) = j**2 - 6*j + 6. What is p(v)?
1
Let p = 1 - -3. Let u(k) = -p*k**3 + k - k**3 + k - 4*k**2 + 6*k**3. Determine u(3).
-3
Let d(j) = j**3 + 2*j**2 + 0*j**3 + 2*j**2 - j**2 - 2*j. What is d(-4)?
-8
Suppose -8 = 4*r - 3*r. Let h(z) = -z**2 - 8*z - 1. Give h(r).
-1
Suppose -2*d - 3*d + 10 = 0. Let q(j) = -2*j**2 + j + 6. Let k(z) = -2*z**2 + 2*z + 8. Let f(p) = 2*k(p) - 3*q(p). Give f(d).
8
Let r(i) = -7*i**2 + 5*i - 6. Let b(a) be the second derivative of a**4/2 - 5*a**3/6 + 5*a**2/2 + 2*a. Let s(j) = 6*b(j) + 5*r(j). Determine s(6).
6
Let x(c) = -c + 1. Let d be x(1). Let y(l) = 1288*l - 640*l - 13 - 647*l. Determine y(d).
-13
Let d(n) be the third derivative of -n**5/20 + n**4/24 - n**3/6 + 2*n**2. Let x(y) = -y**2. Let c(o) = -4*d(o) + 11*x(o). Determine c(4).
4
Suppose 0*q - 8 = -2*q. Let l(u) = -2*u - 4. Let r be l(-7). Let a(n) = 4 - 8*n**2 + 17*n**2 - r*n**2 + n + n. Give a(q).
-4
Let v(o) = -o + 7. Let t = -54 - -57. Calculate v(t).
4
Let g(j) = 9*j**3 + j**2 - 13*j + 11. Let r(v) = 4*v**3 - 6*v + 5. Let b(k) = 3*g(k) - 7*r(k). Let l = 5 - 2. Determine b(l).
7
Suppose 4*g + 59 = 15. Let s = g + 15. Let p(u) = u**3 - 5*u**2 + 4*u + 4. Give p(s).
4
Let x(b) = -b**3 - b**2 - b - 17. Let g = -145 - -145. What is x(g)?
-17
Let v(x) be the third derivative of 1/8*x**4 + 1/3*x**3 + 0*x + 0 - 1/60*x**5 + 8*x**2. Give v(3).
2
Suppose -26*i + 22*i - 16 = 0. Let d(u) = -u - 4. What is d(i)?
0
Let i(b) = -2*b**2 - 6*b. Let n(q) = q. Let f(w) = i(w) + 4*n(w). Give f(2).
-12
Let t(j) = -4*j + 1. Let g(y) = -y**2 + 2*y - 2. Let i be g(2). Let p = i + 1. Calculate t(p).
5
Let b(a) = 2 - 3 - 3*a - a + 8*a. Let n(o) = -o. Let l(t) = b(t) + 3*n(t). Calculate l(5).
4
Let o(y) = y**2 + y - 1. Let n(q) be the third derivative of -q**6/120 + q**5/10 + q**4/3 - 5*q**3/3 - q**2. Let i be n(7). Determine o(i).
5
Let t(j) = j**2 - 3*j - 10. Let v be t(6). Suppose 0 = -z - z + v. Let s(m) = -m**2 + m + 3. Determine s(z).
-9
Let k(s) = 18*s + 7 - s**2 - 7*s - 8*s. Give k(6).
-11
Let y = 10 + -10. Let i(a) = a**3 + a**2 + 4. Determine i(y).
4
Let t(o) be the first derivative of 1/2*o**2 + 1/3*o**3 + 4*o - 2. Give t(0).
4
Let h(k) = 2*k**2 + 7*k + 6. Let q(i) = -3*i**2 - 6*i - 5. Let j(v) = 5*h(v) + 6*q(v). Suppose 0*w = w + 1. What is j(w)?
-7
Let c(w) = -w**2 + 4*w - 4. Suppose 2*i = 12 - 6. Calculate c(i).
-1
Let z(t) = t - 6. Let d(o) = 3. Let q(p) = -5*d(p) - 2*z(p). Determine q(-5).
7
Let q(h) = h**2 - 7*h. Let i be q(7). Let d(v) = -5*v + 7. Let b(a) = a. Let t(l) = 6*b(l) + d(l). Calculate t(i).
7
Let i = -1 - -9. Let f(z) = z - 7. Let j(s) = -s + 6. Let h(n) = -2*f(n) - 3*j(n). Let l be h(i). Let v(r) = r**2 - 5*r - 2. Give v(l).
-6
Suppose 11*f - 4 + 4 = 0. Let x(j) = j**2 + j. Calculate x(f).
0
Let m(t) = -t**2 - 5*t - 4. Let q(u) = -u + 2. Let z(k) = 2*k - 4. Let y(n) = -9*q(n) - 4*z(n). Suppose 3*s + 7 + 2 = 0. Let h be y(s). Calculate m(h).
-4
Let y = 31 - 25. Let u(a) = -4*a + 4. Give u(y).
-20
Let t be (10 - 7)*2/3. Let x(z) = z + 2 + t*z - 4*z. Give x(-5).
7
Let r be 3 + ((-9)/3 - -5). Let u(f) = -f + 3. Give u(r).
-2
Let l(d) be the first derivative of -d**4/4 - d**3/3 + 6*d - 11. Calculate l(0).
6
Let c(v) = -v**3 + v - 1. Let n be (2 - 2)/(-3) - -6. Let t(x) = 10*x**3 + 2*x**2 - 8*x + 7. Let b(i) = n*c(i) + t(i). Give b(1).
5
Suppose 2*d - 14 - 2 = 0. Let i(c) = -c + 1. What is i(d)?
-7
Let s be 1/(0 + 2 + -3). Let l(r) = -r - 1. Let d be l(s). Let n be (-6)/(-3) - -2 - d. Let k(o) = -2*o + 3. What is k(n)?
-5
Let h = 9 - 7. Let a(t) = 3*t**3 + 4*t**2 - h*t**3 + 3*t + 6 - 3 + 0*t**3. Give a(-3).
3
Let f(z) be the second derivative of -z**4/12 + z**3/2 - z**2 + z. Let q be 4/(-1)*(-15)/20. What is f(q)?
-2
Let r(y) = y**2 + 6*y - 3. Suppose -x = 3*i - 0*i + 15, x + 12 = -2*i. Determine r(x).
-3
Suppose -l = 5 + 4. Let j be l/(-7) + (-6)/21. Let o be (4/(-8))/(j/2). Let v(y) = 6*y**2 + y + 1. Calculate v(o).
6
Let a = -8 - 0. Let v(k) = k**3 + 7*k**2 - 9*k - 8. Let z be v(a). Let x(s) = s + 1 + 0 + z. Give x(-2).
-1
Let v(s) = -11*s - 7. Let w(m) = 32*m + 20. Let b(c) = 17*v(c) + 6*w(c). Calculate b(-1).
-4
Let b(w) be the third derivative of -1/60*w**5 + 0*w + 1/4*w**4 + 2*w**2 + 5/3*w**3 + 0. What is b(7)?
3
Let x(v) = -4*v**2 - 4*v - 4. Let l(i) = -7*i**2 - 9*i - 9. Let w(f) = -3*l(f) + 5*x(f). What is w(-5)?
-3
Suppose 6*m = -13 - 23. Let a(w) = -2*w**2 - 10*w - 9. Calculate a(m).
-21
Let k(s) = s + 17. Let h be k(-5). Let m(l) = l**3 - 12*l**2 + l - 14. Give m(h).
-2
Suppose 0 = -2*d - 3*p + 2*p - 1, -3*d = 2*p + 4. Suppose -5*l + d = -4*a + 16, 0 = 4*l - 3*a + 12. Let u(x) = -x - 6. Give u(l).
0
Let x(h) be the first derivative of -h**3/3 - 3*h**2 - 4*h + 2. Let n be x(-5). Let j be -3 - (3/3)/n. Let u(p) = p**2 + 4*p - 1. What is u(j)?
-1
Let w(u) = -u - 9. Let l(i) = -3*i - 28. Let r(d) = -2*l(d) + 7*w(d). Let o be (-2 - -4)/1 + -9. Let c be r(o). Let g(f) = -f + 5. Give g(c).
5
Let f be 7/14*(-4)/(-2). Let d(u) = 3*u + 1 - 3*u + 2*u**2 + 5*u**2. Determine d(f).
8
Let r(n) be the third derivative of n**5/15 - n**4/24 + n**3/6 + 4*n**2. Let f be r(1). Let u(l) = l**3 - 4*l**2 - 2*l + 4. Determine u(f).
-4
Let u(i) be the third derivative of 0*i + 7/60*i**5 + 0 + i**2 + 1/6*i**3 + 1/12*i**4. Let z be (5 - 7)/(4/2). Determine u(z).
6
Let s(i) = -4*i**2 + 7*i - i**3 + 5 - 2*i - 1. Suppose -2*v = -u + 5, -2*v + 4*u + 45 = -7*v. Ca